o base 6
-5
-7 (base 15) to base 7
-10
What is 11 (base 5) in base 11?
6
-2 (base 10) to base 8
-2
What is 4 (base 8) in base 7?
4
-11 (base 4) to base 13
-5
Convert -67 (base 8) to base 11.
-50
What is 1 (base 15) in base 5?
1
What is 11201 (base 3) in base 15?
87
Convert -2 (base 10) to base 13.
-2
Convert 1 (base 14) to base 6.
1
Convert -3 (base 14) to base 12.
-3
-1a (base 13) to base 4
-113
Convert 37 (base 10) to base 2.
100101
Convert -41 (base 12) to base 11.
-45
What is 42 (base 11) in base 3?
1201
Convert b (base 15) to base 2.
1011
Convert 0 (base 10) to base 5.
0
Convert -a5 (base 13) to base 2.
-10000111
Convert 1123 (base 5) to base 12.
117
What is 10 (base 11) in base 9?
12
Convert 55 (base 11) to base 8.
74
44 (base 9) to base 2
101000
What is 9 (base 11) in base 8?
11
-4 (base 8) to base 7
-4
-3b (base 15) to base 5
-211
211 (base 5) to base 4
320
4 (base 5) to base 3
11
-19 (base 12) to base 4
-111
What is -6 (base 13) in base 11?
-6
What is -3 (base 4) in base 8?
-3
What is -d (base 15) in base 6?
-21
-1d (base 16) to base 3
-1002
11 (base 15) to base 5
31
-3 (base 8) to base 2
-11
-16 (base 7) to base 6
-21
Convert -10 (base 8) to base 12.
-8
-6 (base 13) to base 3
-20
What is 47 (base 13) in base 5?
214
-100001111 (base 2) to base 8
-417
-12 (base 4) to base 12
-6
Convert -23 (base 5) to base 10.
-13
-2 (base 5) to base 3
-2
What is -6 (base 7) in base 6?
-10
2012 (base 3) to base 9
65
-2 (base 5) to base 14
-2
-58 (base 16) to base 4
-1120
Convert -54 (base 12) to base 16.
-40
Convert -11 (base 2) to base 12.
-3
Convert -6 (base 15) to base 4.
-12
Convert 26 (base 15) to base 6.
100
Convert 100 (base 2) to base 12.
4
What is -5 (base 11) in base 5?
-10
What is -43 (base 7) in base 10?
-31
-10 (base 2) to base 13
-2
What is -1 (base 7) in base 14?
-1
12 (base 16) to base 11
17
Convert 4 (base 14) to base 13.
4
Convert 111 (base 3) to base 2.
1101
0 (base 13) to base 15
0
Convert -34 (base 5) to base 4.
-103
What is -180 (base 9) in base 8?
-231
2 (base 7) to base 14
2
-4a (base 12) to base 4
-322
Convert b0 (base 13) to base 5.
1033
-163 (base 12) to base 8
-333
1311 (base 4) to base 11
a7
-15 (base 14) to base 16
-13
Convert -2 (base 5) to base 15.
-2
Convert -3 (base 11) to base 12.
-3
2b (base 16) to base 5
133
68 (base 14) to base 11
84
What is -11 (base 6) in base 2?
-111
What is 100 (base 5) in base 10?
25
3 (base 14) to base 10
3
What is 8 (base 9) in base 13?
8
-76 (base 16) to base 13
-91
What is -14 (base 15) in base 3?
-201
What is 0 (base 2) in base 10?
0
0 (base 9) to base 2
0
Convert 0 (base 4) to base 16.
0
What is -101 (base 2) in base 16?
-5
What is -4 (base 9) in base 6?
-4
b (base 15) to base 16
b
Convert 4 (base 11) to base 9.
4
What is -10 (base 2) in base 3?
-2
-147 (base 9) to base 4
-1330
What is 241 (base 6) in base 15?
67
What is -1 (base 16) in base 5?
-1
What is 21120 (base 3) in base 10?
204
-5 (base 10) to base 2
-101
258 (base 9) to base 13
137
Convert 230 (base 11) to base 8.
423
Convert -3 (base 12) to base 3.
-10
-10 (base 2) to base 4
-2
-106 (base 8) to base 11
-64
Convert 1310 (base 4) to base 16.
74
1000 (base 2) to base 12
8
Convert -1001 (base 3) to base 7.
-40
-20 (base 4) to base 2
-1000
-1 (base 6) to base 3
-1
-a (base 14) to base 6
-14
-4 (base 8) to base 11
-4
-7a (base 16) to base 15
-82
Convert -3a (base 14) to base 7.
-103
-23 (base 4) to base 3
-102
Convert -4 (base 10) to base 14.
-4
-15 (base 8) to base 7
-16
What is -100111 (base 2) in base 14?
-2b
Convert 220 (base 9) to base 15.
c0
Convert 1 (base 14) to base 10.
1
-2112 (base 3) to base 10
-68
1 (base 6) to base 11
1
Convert 10 (base 7) to base 6.
11
Convert 43 (base 15) to base 14.
47
-1 (base 11) to base 6
-1
What is 110 (base 2) in base 16?
6
72 (base 11) to base 12
67
Convert 134 (base 8) to base 12.
78
What is 108 (base 11) in base 3?
11210
3 (base 7) to base 3
10
-1 (base 11) to base 16
-1
What is 11 (base 2) in base 11?
3
Convert 9 (base 10) to base 16.
9
What is -11 (base 14) in base 7?
-21
What is 1 (base 3) in base 16?
1
10031 (base 4) to base 9
328
Convert 5 (base 7) to base 5.
10
-10 (base 3) to base 15
-3
-132 (base 8) to base 11
-82
What is 31 (base 7) in base 8?
26
What is 3 (base 5) in base 3?
10
Convert 10 (base 5) to base 4.
11
Convert -9 (base 11) to base 14.
-9
-11 (base 10) to base 11
-10
13 (base 5) to base 6
12
-4 (base 9) to base 14
-4
What is -142 (base 5) in base 13?
-38
What is 23 (base 15) in base 13?
27
Convert 11 (base 3) to base 9.
4
What is 0 (base 8) in base 16?
0
Convert 55 (base 7) to base 10.
40
What is -8 (base 14) in base 4?
-20
What is -3 (base 10) in base 9?
-3
Convert 0 (base 12) to base 3.
0
Convert 185 (base 12) to base 3.
100002
Convert 100101 (base 2) to base 7.
52
Convert -15 (base 16) to base 11.
-1a
Convert -21 (base 12) to base 11.
-23
Convert 22 (base 4) to base 3.
101
Convert -101110 (base 2) to base 16.
-2e
Convert -212 (base 4) to base 5.
-123
Convert -10001101 (base 2) to base 5.
-1031
-3 (base 4) to base 13
-3
Convert 13 (base 5) to base 6.
12
3 (base 12) to base 7
3
Convert -71 (base 8) to base 5.
-212
Convert 36 (base 10) to base 4.
210
What is -2 (base 15) in base 7?
-2
11 (base 13) to base 4
32
-12 (base 3) to base 8
-5
What is 6 (base 12) in base 16?
6
Convert 3 (base 12) to base 9.
3
What is 61 (base 11) in base 3?
2111
33 (base 11) to base 8
44
200 (base 4) to base 7
44
Convert -68 (base 9) to base 11.
-57
What is -11 (base 4) in base 6?
-5
12 (base 15) to base 12
15
What is -114 (base 11) in base 7?
-253
4 (base 13) to base 11
4
Convert 2000 (base 3) to base 4.
312
Convert -7 (base 14) to base 2.
-111
What is -22 (base 5) in base 2?
-1100
Convert 4f (base 16) to base 6.
211
Convert -2 (base 9) to base 8.
-2
1 (base 4) to base 3
1
What is 1 (base 6) in base 9?
1
232 (base 5) to base 16
43
Convert 156 (base 8) to base 2.
1101110
What is -4 (base 15) in base 7?
-4
Convert -2033 (base 4) to base 12.
-bb
-102 (base 7) to base 8
-63
Convert 2 (base 15) to base 4.
2
1 (base 12) to base 9
1
-3 (base 8) to base 13
-3
What is 0 (base 3) in base 2?
0
29 (base 16) to base 3
1112
Convert 2 (base 11) to base 9.
2
What is -c (base 13) in base 12?
-10
What is 100111001 (base 2) in base 7?
625
What is 5 (base 8) in base 6?
5
-316 (base 7) to base 5
-1120
2212 (base 3) to base 13
5c
313 (base 4) to base 14
3d
What is -62 (base 11) in base 13?
-53
-2 (base 14) to base 6
-2
Convert 42 (base 7) to base 15.
20
Convert 14 (base 9) to base 15.
d
What is 1 (base 16) in base 14?
1
Convert 101 (base 6) to base 9.
41
2 (base 13) to base 5
2
Convert -235 (base 12) to base 9.
-405
Convert -2 (base 8) to base 9.
-2
-2 (base 8) to base 15
-2
Convert 1121 (base 3) to base 9.
47
-17b (base 13) to base 14
-155
-14 (base 6) to base 16
-a
What is -10 (base 12) in base 8?
-14
b (base 13) to base 3
102
-8d (base 16) to base 7
-261
What is 0 (base 11) in base 15?
0
2 (base 11) to base 10
2
3 (base 10) to base 6
3
What is -1 (base 3) in base 9?
-1
-3 (base 13) to base 8
-3
Convert 3 (base 5) to base 2.
11
-6 (base 8) to base 15
-6
-248 (base 12) to base 9
-422
What is 34 (base 9) in base 11?
29
What is 3 (base 9) in base 2?
11
-11 (base 9) to base 7
-13
What is -1 (base 11) in base 8?
-1
Convert 39 (base 15) to base 9.
60
Convert -13 (base 6) to base 8.
-11
Convert -241 (base 5) to base 4.
-1013
-8 (base 14) to base 7
-11
What is -5d (base 15) in base 13?
-6a
What is 18 (base 10) in base 13?
15
-11 (base 2) to base 15
-3
Convert -8 (base 14) to base 11.
-8
What is -200 (base 4) in base 3?
-1012
-22 (base 4) to base 2
-1010
-d7 (base 16) to base 13
-137
What is -50 (base 7) in base 14?
-27
Convert -c (base 13) to base 6.
-20
Convert -2 (base 13) to base 6.
-2
Convert 3a (base 14) to base 13.
40
What is 10 (base 11) in base 3?
102
What is -2 (base 10) in base 2?
-10
Convert 0 (base 2) to base 15.
0
12 (base 12) to base 14
10
1 (base 11) to base 12
1
-23 (base 5) to base 3
-111
Convert -201 (base 4) to base 5.
-113
20 (base 12) to base 8
30
Convert 29 (base 14) to base 15.
27
Convert 2 (base 14) to base 16.
2
What is -4 (base 15) in base 2?
-100
Convert -3 (base 13) to base 14.
-3
Convert 6 (base 13) to base 4.
12
11 (base 3) to base 2
100
What is -14 (base 5) in base 15?
-9
2 (base 3) to base